n factor of m and l?
4
Let y be (-1336)/(-24) + (-10)/(-6)*(-12)/30. Calculate the greatest common factor of y and 2211.
11
Let l(h) = h**3 + 4*h**2 + 13*h + 31. Let j be l(-2). What is the highest common factor of j and 1573?
13
Suppose 7*z = 2*z. Let w be 3/(-1 + z) - 44. Let f = w - -62. Calculate the greatest common factor of f and 105.
15
Let h(o) = 7*o**2 + 269*o + 192. Let n be h(-44). Calculate the highest common divisor of n and 2703.
159
Let z(f) = -f**3 + 9*f**2 - 14*f + 1. Let l be -21*-1*(-6)/(-18). Let x be z(l). Let r = 17 - 16. What is the highest common divisor of r and x?
1
Let a be (-5)/15 + 381/9. Suppose 0 = -40*h + 37*h + a. What is the greatest common divisor of 182 and h?
14
Let u = -21086 + 21095. Let v = -55 + 172. What is the highest common factor of u and v?
9
Let f = -413 + 418. Suppose 3*u - 4*n - 29 = 0, -50 = 2*u - 4*u - f*n. Calculate the highest common divisor of 27 and u.
3
Let a be 1/(-2) - (-7947)/2 - -4. Suppose 8*b - a - 127 = 0. What is the greatest common factor of b and 19?
19
Let w be (-35)/(-10)*(-12)/(-7). Let a(s) = 2*s**2 - 8*s + 16. Let h be a(w). Suppose c - 400 = -40. Calculate the highest common factor of h and c.
40
Let c be -2*(-4 + (-2 - -2)) - -1. Suppose -j - 63 = -3*q, c*q - 4*q - j = 103. Calculate the highest common divisor of q and 130.
10
Let z = -203 - -317. Suppose 17*o = 12*o + 760. Calculate the greatest common divisor of z and o.
38
Let t = -74 + 129. Suppose -3*g - 1 + t = 0. Suppose 38*q = 35*q + g. What is the greatest common divisor of 66 and q?
6
Let d(l) = -3*l - 50. Let f(r) = -2*r - 66 + 2*r - 7*r - 34. Let g(w) = 13*d(w) - 6*f(w). Let s be g(20). What is the greatest common divisor of s and 20?
10
Suppose -n = 5*d - 56, -n + 11 + 63 = -4*d. Let r = n - 57. Suppose -r*h = 29 - 101. Calculate the greatest common factor of h and 4.
4
Let o = -3 - -12. Suppose 4*j - 7 = o. What is the highest common divisor of 18 and j?
2
Let v be (-2 + -4)*(-840)/(-16). Let z = -194 - v. What is the highest common divisor of z and 22?
11
Let g(b) = 9 - 61*b - 15 - 21 + 1 - 21. Let i be g(-1). What is the highest common divisor of i and 1414?
14
Let n be (-1)/(4*(-6)/1848). Suppose 14*h - 7*h = 77. Calculate the greatest common factor of n and h.
11
Let n(z) = -4*z**2 + 57*z - 26. Let c be n(10). What is the greatest common divisor of 396 and c?
36
Let b(n) = -n - 26. Suppose 6*h + 43 = 4*h - v, 3*v = -5*h - 105. Let w be b(h). Let u be ((15/2)/1 + w)*8. What is the greatest common divisor of u and 110?
22
Let k(h) = -4*h + 163. Let q be k(40). Let j be -35*q*3/(-9). Calculate the highest common factor of j and 385.
35
Let w(l) = -49*l + 8 + 2 + 4 + 52*l. Let m be w(-5). Let s be (2/5)/(m/(-30)). What is the greatest common factor of 12 and s?
12
Suppose -6*d + 8 = -34. Let c = 79 - 44. Calculate the highest common factor of c and d.
7
Let y be 2/4 + 885/10. Suppose -y = -34*h + 13. Calculate the highest common divisor of h and 3.
3
Suppose 2*j = -3*q + 34, 2*j + 26*q = 25*q + 18. Suppose 0*b + 4*b - 620 = 0. What is the highest common divisor of j and b?
5
Let y be 28/(-1)*(-6)/8. Let m = y + -6. Let n = -497 + 557. Calculate the greatest common divisor of n and m.
15
Let l = 185 + -183. Let h be ((4/4)/1)/(1/l). Let i = 1 - -3. What is the greatest common divisor of h and i?
2
Suppose -2*i = 2*z - 126 - 16, -279 = -4*z + i. Let h be (10/(-5))/((-3)/147). Let v = h + -70. Calculate the highest common factor of z and v.
14
Let z = 3838 - 3656. Calculate the greatest common divisor of 52 and z.
26
Let z(i) = -51*i - 20. Let n be z(-12). Let g = 686 - n. Calculate the highest common divisor of 752 and g.
94
Let s(n) = -n**3 - 29*n**2 - 192*n + 52. Let j be s(-19). What is the greatest common divisor of j and 1038?
6
Let c be 17238/9*5*(-4)/(-40)*6. Calculate the greatest common factor of c and 102.
34
Suppose 0 = 4*n + 5*m - 14, 4*n = 3*m + 8 + 22. Let v be (1 + 0)/(n/(-132)). Let j = v + 26. What is the highest common divisor of 10 and j?
2
Suppose 51*g = 46*g - 10. Let a be (16/g)/(14/7). Let j(p) = -23*p - 26. Let r be j(a). What is the greatest common divisor of 33 and r?
33
Let r be 176 - 50/(-15)*12/(-10) - -4. Calculate the greatest common factor of r and 374.
22
Let l(k) = -2*k**2 + 40*k + 95. Let h be l(22). Suppose 31*n - 4680 = h*n. Calculate the greatest common divisor of 26 and n.
13
Suppose -6*v = 437 - 647. Suppose -v*r = -2473 - 1552. Calculate the highest common factor of 5 and r.
5
Let g(m) = 273*m**2 - 4*m + 3. Let q be g(1). Suppose l - 5*b - 16 = 0, 0 = 2*l + 2*b - 9 - 23. What is the highest common factor of q and l?
16
Let k = 4989 - 4626. What is the highest common divisor of k and 330?
33
Let i = -71 - -194. Suppose -i = -18*p + 21. What is the greatest common divisor of p and 8?
8
Let g(v) = -16*v + 47 - 24*v + 36*v. Let u be g(11). Suppose 495 = 14*b - u*b. What is the highest common divisor of 360 and b?
45
Let o = -49 + 59. Let c(n) = -10*n - 12. Let p be c(6). Let r be p/(-8) + -1 + 2. Calculate the highest common factor of r and o.
10
Let l = -134 - -146. Let t be (l + -32)/((-4)/2). Suppose -p + 2 = -t. What is the highest common divisor of p and 24?
12
Suppose -171*d = -22797 + 15426 - 27513. What is the highest common divisor of 7497 and d?
51
Let j = 244 + -137. Let m = -622 - -777. Let c = m - j. Calculate the highest common factor of 36 and c.
12
Let v be (30 - -2)/((-1)/(-10)). Let g be (-13)/(-169) - 6225/(-195). Calculate the greatest common divisor of g and v.
32
Let u(p) = p + 9. Let y be (-3)/(-9)*3 - 1. Let f be u(y). Let q be -17 + 59 + (7 - 4) + -9. What is the greatest common factor of q and f?
9
Let r be (503/5)/1 + (-38)/(-95). Let c = r + -207. Let h be 2 + -3*(-2)/(-12)*c. What is the highest common factor of h and 22?
11
Suppose 0 = 4*j + 4*a - 8, -79 + 76 = -4*j - 5*a. Let k be (0 - 1 - 0) + -61. Let o = 97 + k. What is the highest common factor of j and o?
7
Let a(r) = 103*r**2 + 4*r - 8. Let x be a(3). Let s = -631 + x. What is the highest common divisor of s and 120?
60
Let y = -35 + 117. Suppose 8737 + 8666 = 225*h - 47172. What is the greatest common factor of h and y?
41
Suppose -86*z = -27208 - 20006. Let x be 732/30*(0 + 5). What is the greatest common factor of x and z?
61
Let i = 18601 + -18558. What is the highest common divisor of i and 5590?
43
Suppose -221 = z - 381. Let y(g) = -g**3 + 24*g**2 - 23*g + 32. Let j be y(23). What is the greatest common divisor of j and z?
32
Let q = 2489 - 2061. Calculate the highest common factor of 12 and q.
4
Suppose 0 = 2*t - 4*u - 670, 21*t + u = 18*t + 970. What is the greatest common factor of t and 100?
25
Suppose -42*j - 4964 = -9739 - 35629. Calculate the highest common factor of j and 78.
26
Let o be (-48)/(-10) - 3/(-15). Let w be o + -7 - 76*37. Let t be 6/(-15) + w/(-35). Calculate the greatest common factor of t and 10.
10
Suppose r = 1227*j - 1226*j + 27, -6 = j. Suppose -2*k - 4*z = 2, 2 = 3*k + 4*z + 1. Suppose -11 - k = -d. What is the highest common factor of d and r?
7
Let x(p) = -2*p**2 - 283 + 184 + 8*p + 23*p. Let z be x(9). What is the highest common factor of 30 and z?
6
Suppose -11*g + 1811 = 359. Let p = 11 + 0. Calculate the highest common divisor of p and g.
11
Suppose 24*q = 26*q - 1370. Let o = 1035 - q. What is the highest common factor of 100 and o?
50
Suppose -7*x + 5285 = 48*r - 53*r, 5*x = 4*r + 3772. What is the greatest common factor of x and 160?
40
Let p(k) = 16 + k**2 - 4*k + 0 - 6 - 3. Let n be p(3). Let r be 16*n/6*(-39)/(-26). Calculate the highest common divisor of r and 64.
16
Suppose 3*n = g + 24, 3*n - 5*n + 33 = 5*g. Let a be (n/(-2))/((-6)/8). Let y = 976 - 974. What is the highest common factor of a and y?
2
Suppose -v - 7*v = -40. Suppose 3*w - 31 - 13 = -4*k, k + 58 = v*w. Suppose -b + w = 2. Calculate the highest common divisor of b and 70.
10
Let w be (-1 - 297/(-66))*(-558)/(-7). Calculate the greatest common divisor of 531 and w.
9
Let c = 5987 - 5957. Suppose 3*s - 5*d - 1400 = 0, -5*d + 0*d = s - 480. What is the highest common factor of c and s?
10
Suppose -s + 3*k + 13 + 91 = 0, 4*s + 2*k - 388 = 0. Suppose -10*p - s - 272 = 0. Let b = p - -122. Calculate the highest common divisor of 17 and b.
17
Let y(j) = -j + 14. Let v be (1 -